16, what is -2 - 14670?
-14672
In base 14, what is 1722 - -2d?
1751
In base 4, what is -1303 + 113022?
111113
In base 7, what is 12443 - -63?
12536
In base 11, what is -283 + -154?
-427
In base 9, what is 8 + -52053?
-52044
In base 10, what is 329 + -945?
-616
In base 10, what is 7374 - 23?
7351
In base 9, what is 13 - 68?
-55
In base 9, what is 55 + -45?
10
In base 8, what is 326 - 1715?
-1367
In base 6, what is -10520001 - -3?
-10515554
In base 5, what is -1400132 + 1032?
-1344100
In base 2, what is -10111111111110110 + 1001?
-10111111111101101
In base 6, what is 23 + 10103?
10130
In base 3, what is -2020222 + 20222?
-2000000
In base 8, what is 26 - 30457?
-30431
In base 10, what is -1077 - 2?
-1079
In base 6, what is -1253413 + -1?
-1253414
In base 11, what is -58 + 2980?
2923
In base 9, what is 30317 - -66?
30384
In base 9, what is 734 + -28?
705
In base 15, what is 21d7c + -3?
21d79
In base 15, what is 20233 - 12?
20221
In base 4, what is -23330031210 + 1?
-23330031203
In base 14, what is 98 + 14?
ac
In base 12, what is -5662 + 1?
-5661
In base 16, what is -5 - 18c85?
-18c8a
In base 14, what is -3c5b1 + 1?
-3c5b0
In base 11, what is -9 + 39172?
39164
In base 10, what is -1648 + 625?
-1023
In base 12, what is -14 - -83a26?
83a12
In base 12, what is -35002 + 2?
-35000
In base 16, what is -1041 + -f5?
-1136
In base 8, what is 3 + 55254?
55257
In base 6, what is 2 - -10202420?
10202422
In base 5, what is -1103 + -2021?
-3124
In base 2, what is -110000010111101100111 - 101?
-110000010111101101100
In base 2, what is 100110001111010011 + 101?
100110001111011000
In base 3, what is 1 - -10220222002?
10220222010
In base 12, what is 4b + 71b1?
7240
In base 9, what is -1 - 137327?
-137328
In base 13, what is -4 + -19b19?
-19b20
In base 2, what is 1010001000101000 - 101?
1010001000100011
In base 9, what is -2 + -832267?
-832270
In base 6, what is -15 - -25521?
25502
In base 8, what is 1271 - 3164?
-1673
In base 10, what is -115 - -3055?
2940
In base 11, what is -34 - -2570?
2537
In base 3, what is 101210212 + 20?
101211002
In base 10, what is 0 - 28344?
-28344
In base 13, what is 306b8ba - -2?
306b8bc
In base 2, what is -11 + -10110001111000001100?
-10110001111000001111
In base 10, what is 244501 - 4?
244497
In base 11, what is a - 91261?
-91252
In base 6, what is -105 + -3403?
-3512
In base 6, what is -25344 + -12?
-25400
In base 14, what is -226 + 600?
3b8
In base 13, what is -3 + 41611?
4160b
In base 8, what is 277622 - -1?
277623
In base 10, what is 9963 + 0?
9963
In base 4, what is 2 + -2102033222?
-2102033220
In base 3, what is 21212112 + -12212?
21122200
In base 7, what is -2 + 16550233?
16550231
In base 8, what is 1 + -1663?
-1662
In base 3, what is 202 + 12001010000?
12001010202
In base 5, what is -2103 + -22?
-2130
In base 8, what is -1660 - -2411?
531
In base 16, what is -18c8 - -a6?
-1822
In base 2, what is -1001 + -1000111110?
-1001000111
In base 4, what is -10212132 - 0?
-10212132
In base 9, what is 1888208 - 3?
1888205
In base 12, what is 741bb + -5?
741b6
In base 14, what is 3a68 + -2?
3a66
In base 5, what is -20434 - 1123?
-22112
In base 15, what is -3 + -19e?
-1a2
In base 11, what is 44824 - 4?
44820
In base 12, what is 79641 - -2?
79643
In base 5, what is -24204 - -112?
-24042
In base 15, what is -169 - -2b?
-13d
In base 8, what is 40 - -24546?
24606
In base 15, what is 74995 - -5?
7499a
In base 3, what is 12 - 100222000?
-100221211
In base 14, what is -161 - 8a?
-20b
In base 9, what is -33784 - -47?
-33736
In base 4, what is -1112 - -1111120?
1110002
In base 12, what is 38a - 53a?
-170
In base 13, what is -5 + 86c9?
86c4
In base 9, what is -281558 - 8?
-281567
In base 13, what is -4 + -21353?
-21357
In base 13, what is 177 - -429b?
4445
In base 9, what is -360 - 25?
-385
In base 11, what is 73851 + 2?
73853
In base 8, what is 5436 + -222?
5214
In base 12, what is 31 + 66075?
660a6
In base 5, what is 233433 - -1343?
240331
In base 13, what is 27866 - 1?
27865
In base 5, what is -31400144 + -3?
-31400202
In base 6, what is 1443105 + 0?
1443105
In base 3, what is -1102 + 1020222?
1012120
In base 16, what is -2cb + 67?
-264
In base 13, what is 7bc + 3a6?
b95
In base 12, what is -32a5 + 4?
-32a1
In base 16, what is -22 + 0?
-22
In base 12, what is 4 - -4042?
4046
In base 4, what is 3130111 - -123?
3130300
In base 4, what is 302323 - 120?
302203
In base 5, what is -1 + 114413?
114412
In base 14, what is -86b5 + 4b?
-8668
In base 10, what is 801 + -161?
640
In base 10, what is -229 - -41?
-188
In base 2, what is -110001000101 - 1100110?
-110010101011
In base 15, what is -672 - -98?
-5c9
In base 7, what is -3 + -20525?
-20531
In base 14, what is 4b - -1609?
1656
In base 3, what is 101 + 12120222?
12121100
In base 7, what is 21 - -3542?
3563
In base 13, what is -1494c - -4?
-14948
In base 3, what is -1 - -122110002001?
122110002000
In base 6, what is -30503 + -55?
-31002
In base 15, what is 2554e9 + -3?
2554e6
In base 12, what is 4 - 6451a?
-64516
In base 3, what is 102000 - 2202?
22021
In base 14, what is -5 + 3a91?
3a8a
In base 11, what is 5 - 2a43a?
-2a435
In base 13, what is -82 - 477?
-529
In base 4, what is 210322 - 101021?
103301
In base 7, what is 63 - 32423?
-32330
In base 4, what is -23 + 130023?
130000
In base 4, what is -111300221 + -10?
-111300231
In base 13, what is -134278 - 3?
-13427b
In base 10, what is -1398 - 279?
-1677
In base 5, what is -14 + -2013311?
-2013330
In base 9, what is 0 + -7031?
-7031
In base 3, what is 2100012 - -112?
2100201
In base 14, what is -3b6d8 - -5?
-3b6d3
In base 14, what is 0 + 89c?
89c
In base 15, what is -1082 - -45?
-103c
In base 3, what is 1220202022 + 10?
1220202102
In base 4, what is 2 + 1010302?
1010310
In base 15, what is -980 - 32?
-9b2
In base 10, what is -7231 + -303?
-7534
In base 3, what is 2221121 - 1?
2221120
In base 9, what is -7865 - -2?
-7863
In base 2, what is -111010 - 111111101?
-1000110111
In base 9, what is -4 - -83636?
83632
In base 7, what is 5 + -432322?
-432314
In base 15, what is 13 + 101?
114
In base 16, what is 3 + d92?
d95
In base 3, what is -1101011 + 111201?
-212110
In base 9, what is -4002 + -437?
-4440
In base 9, what is -422 - 85?
-517
In base 16, what is -c + fa6?
f9a
In base 2, what is -1011101 + 11010110011?
11001010110
In base 15, what is e95cb - -4?
e95d0
In base 14, what is 35 + 3938?
396d
In base 16, what is 1f + -248?
-229
In base 16, what is 46507 + -1?
46506
In base 16, what is 223464 - -4?
223468
In base 3, what is 101002200220201 + -12?
101002200220112
In base 13, what is -2 + 9a70a?
9a708
In base 15, what is 0 + 192a?
192a
In base 9, what is -3 + 54768?
54765
In base 12, what is -124 - 778?
-8a0
In base 10, what is 1 + 3027?
3028
In base 2, what is 1 + -10111010000100?
-10111010000011
In base 10, what is 64 - 436?
-372
In base 11, what is 9 - -26540?
26549
In base 8, what is 1 + -53320?
-53317
In base 5, what is -1321143 - 3?
-1321201
In base 4, what is -130033003 - -1113?
-130031230
In base 12, what is 27 - -31144?
3116b
In base 12, what is a98 + 42a?
1306
In base 7, what is -1 - 42253?
-42254
In base 7, what is 6460201 - 0?
6460201
In base 15, what is 282 - 48?
239
In base 8, what is -2 + -7346?
-7350
In base 2, what is 100011000000 - -1101?
100011001101
In base 16, what is -6 - -9bec?
9be6
In base 12, what is 12 - -1358?
136a
In base 8, what is -3 + 6221?
6216
In base 12, what is -26a08 - -3?
-26a05
In base 10, what is 1248 - -25?
1273
In base 12, what is -36 - -330?
2b6
In base 8, what is -3215 - -33?
-3162
In base 2, what is 1001000001101101101 - -1?
1001000001101101110
In base 11, what is -1a + 33368?
33349
In base 4, what is 302330 - 13?
302311
In base 7, what is -1645632 + -4?
-1645636
In base 13, what is 10927 - -3?
1092a
In base 8, what is -1 + 6137?
6136
In base 2, what is 1100110001 - 101001?
1100001000
In base 15, what is -240b3 + 3?
-240b0
In base 11, what is -3 - 11262?
-11265
In base 9, what is 4010 + -20?
3880
In base 11, what is 621 - 1813?
-11a2
In base 4, what is -103003231 - 1?
-103003232
In base 8, what is -1535040 + 1?
-1535037
In base 2, what is -100 - -10000111111000111110?
10000111111000111010
In base 8, what is -200 + 3255?
3055
In base 6, what is -1 - -13045?
13044
In base 11, what is 59 - 2349?
-22a0
In base 4, wha